5) a multiple of 15?
False
Let g = -4 + 6. Suppose -2*y + 3 - 1 = 2*n, -5 = -g*y - n. Does 4 divide y?
True
Suppose -r + 0*r = 0. Let o = r - -7. Is 7 a factor of o?
True
Let i be (-3 - 15/(-3)) + 25. Suppose 2*y - 4*y = 4*h - 32, i = 5*h - 4*y. Is h a multiple of 5?
False
Let q = 0 + 37. Let c = q - -5. Is c a multiple of 14?
True
Suppose 6*i - 2*i - 4*y - 128 = 0, 3*y + 34 = i. Does 15 divide i?
False
Suppose -5*u + 24 = -4*u - 4*b, -4*u = 2*b - 168. Does 13 divide u?
False
Suppose -2*d = -18 - 24. Does 4 divide d?
False
Let r be ((-20)/(-6))/(2/6). Let s(q) = 0 - 1 - 1 + r*q. Is s(2) a multiple of 12?
False
Let m = 10 - -10. Suppose i = -3*i + m. Suppose -2*g + 26 = 4*v - 26, g + i*v = 20. Does 15 divide g?
True
Let j = -84 - -123. Is j a multiple of 3?
True
Suppose 2*g - 6*g = -20. Suppose w + 3 - 5 = g*z, -3*w + 34 = -z. Does 6 divide w?
True
Let w(u) = u**3 - 3*u - 4. Does 14 divide w(3)?
True
Suppose 0 = -2*i + 7 + 19. Does 13 divide i?
True
Suppose -6*v + v + 240 = w, -v = 2. Is 25 a factor of w?
True
Let i be 12*2/4 + -3. Suppose i*o - 5*g = -3, 2*o = -2*g - 4 + 18. Is o a multiple of 4?
True
Suppose -5*n = 12 + 18. Let o(j) = 2*j - 1. Let v be o(2). Is 5 a factor of 28/v + (-4)/n?
True
Let n(p) be the first derivative of 6*p**2 + 2. Does 12 divide n(1)?
True
Let n(v) = -2*v**3 - v**2 + 3*v - 4. Let a be n(-3). Let g = 10 - -50. Let h = g - a. Is h a multiple of 14?
True
Let u be ((-39)/6 - 1)*-2. Suppose 3*i = 9 + u. Is 2 a factor of ((-16)/(-10))/(i/20)?
True
Let k = 44 - 14. Is k a multiple of 8?
False
Let l(m) = -4*m**3 - m + m**2 + 2 + 1 + 5*m**3 + 5*m**2. Is l(-6) a multiple of 9?
True
Let c(a) = 12*a**2 - 1. Let l be c(-2). Suppose -l = -2*g - 19. Is 4 a factor of g?
False
Suppose 0 = -x + 3*s + 344, 0*s = -2*s - 8. Is 10 a factor of x?
False
Let g be -2*2/(-1) + 2. Suppose 0 = -g*z + 2*z. Suppose z = 4*t + 2*h - 16, -2*t + h = -h - 8. Is t even?
True
Let v(z) = -25*z. Let h be v(-3). Suppose -2*c = 3*c - h. Does 5 divide c?
True
Suppose -477 = -6*j + 393. Is j a multiple of 29?
True
Suppose -38 = -3*u - 5*q, 0 = 2*q + 17 - 7. Does 3 divide u?
True
Let x(h) = 5*h - 7. Suppose 0 = a + 13 - 21. Does 9 divide x(a)?
False
Let g = 11 + -3. Is g/44 - 260/(-22) a multiple of 5?
False
Suppose -4*x + 108 = -2*x. Let i be (x/(-15))/((-6)/20). Suppose -4*z = -6*z + i. Does 4 divide z?
False
Suppose -r + 1 = 4, -4*r - 12 = 2*x. Suppose 2*v + 3*s = -5, -s = v - x*s + 1. Suppose -1 + 3 = v*q, 2*q = 3*b - 31. Is 5 a factor of b?
False
Suppose -96 = 4*b - 8*b. Let j(c) = 3*c + 8. Let d be j(-7). Let r = b + d. Is r a multiple of 11?
True
Let p(q) = q**2 + 7*q + 8. Is p(-7) even?
True
Suppose 0 = -5*w - 34 + 304. Is 27 a factor of w?
True
Is 15 a factor of (3 - 15)*15/(-4)?
True
Suppose 5*t = 4*j + 160, 0*j + 32 = t + 4*j. Does 8 divide t?
True
Let o(w) = w + 14. Let y be o(-8). Let z be (-4 - -1) + y + -3. Suppose z = -f + j + 6, -6*j = 2*f - j - 47. Is 11 a factor of f?
True
Suppose -5*o + 9 = -6, -2*b = 3*o - 37. Suppose 19*k = b*k + 45. Is 8 a factor of k?
False
Let m(j) = j**3 + 6*j**2 - 12*j - 7. Is m(-6) a multiple of 13?
True
Let i be ((-11)/3)/(2/(-6)). Let z = i - -1. Is 7 a factor of z?
False
Let i be (17 - 2*-1) + -2. Suppose 3*o + 64 = 2*y, 0 = 2*y + o - 55 - i. Does 12 divide y?
False
Suppose 385 = 3*y - 2*y. Is y a multiple of 55?
True
Suppose 5*a + 2*j = 12, 3*j = -6*a + 2*a + 11. Suppose -k - 3*k - a*l = -60, 4*k = -3*l + 64. Let t = k + 0. Is t a multiple of 13?
True
Let d(j) = -20*j - 37. Does 7 divide d(-5)?
True
Let b(m) = 2*m**2 - 1. Suppose -2*t + 0 = -6. Does 6 divide b(t)?
False
Suppose 3 + 2 = -5*r. Let b = r - -8. Let y(q) = q**2 - 6*q - 2. Is 5 a factor of y(b)?
True
Suppose -5*s = -2*s + 60. Does 27 divide 213/5 - 8/s?
False
Suppose -35 + 10 = -5*i. Suppose 5*r - 35 = -5*o, i*o = 3*r - 2*r + 23. Is 2 a factor of r?
True
Let q(o) be the first derivative of -o**3/3 + 11*o**2/2 - 4*o - 3. Let v be q(11). Does 20 divide (-8)/v*50/4?
False
Suppose -5*g - 273 = -8*g. Is 17 a factor of g?
False
Let b(c) = -6*c - 3. Is b(-6) a multiple of 7?
False
Let m = 56 - -252. Does 14 divide m?
True
Is 2 - (-4 - (-252)/(-4)) a multiple of 7?
False
Suppose -3*t = -4*c - 2, 2*c = -4*t - 1 - 11. Suppose 0*y - 3*y = -21. Is (y/c)/(1/(-2)) a multiple of 7?
True
Suppose u - 5*v - 36 = 0, -9*u = -7*u - v - 99. Is u a multiple of 5?
False
Suppose -5*m - 55 = -285. Does 17 divide m?
False
Is 12 a factor of (-298)/(-8)*9/((-9)/(-4))?
False
Let q = 33 + -50. Suppose -4*k + 2*k + 119 = 3*f, -3*k = 2*f - 81. Let s = f + q. Is 12 a factor of s?
False
Let q = 0 + -7. Let r(c) = -c**2 - 7*c + 1. Let k be r(q). Is 2 a factor of (2 + 8)*k/2?
False
Let b(u) be the first derivative of -u**3/3 + u**2 - 3*u + 2. Let f be b(2). Does 4 divide (-1)/(f/27) + 2?
False
Let y be (15 - 0)/((-3)/4). Is 3 a factor of (-5)/3*72/y?
True
Let w be (-1 - -5) + (-1 - 1). Suppose z = 3*y + w*y - 408, 0 = 4*y + 2*z - 318. Is y a multiple of 27?
True
Suppose 25 = 4*f - 163. Does 16 divide f?
False
Suppose -3*y = -5*o + 1 + 11, -o = -3. Let h(p) = y - 10*p + 3*p - 5. Does 17 divide h(-4)?
False
Let n(k) = k**2 + 4*k. Let x(a) = a**3 - 3*a**2 - 5*a - 1. Let j be x(4). Let y be n(j). Suppose y*q - 110 = -0*q. Is 11 a factor of q?
True
Is 3/(-9) + (-344)/(-24) a multiple of 5?
False
Does 14 divide -2*((-43)/2 + -1)?
False
Let z = 14 + 14. Is 7 a factor of z?
True
Suppose 0 = 3*w - w + 2. Does 11 divide 1/w + 1 + 39?
False
Suppose -3*v + v = -8. Suppose 125 = v*c - 47. Is c a multiple of 14?
False
Let c(q) = -q**2 + 11*q - 6. Suppose 0 = r + 4*r. Suppose r = -4*p + 20 + 8. Does 22 divide c(p)?
True
Let k(p) = p**2 + 4*p - 7. Let a = 7 - 14. Is 13 a factor of k(a)?
False
Suppose -46 = -t - 6*o + 5*o, -t - 2*o + 50 = 0. Is 6 a factor of t?
True
Is 14 a factor of 238*(0 - (-1)/2)?
False
Suppose -3*n = 2*n - 20. Is n a multiple of 4?
True
Suppose -4*f + 11 + 241 = 0. Is 21 a factor of f?
True
Suppose -84 = -3*v - v - 4*m, -5*v + 5*m + 135 = 0. Is 6 a factor of v?
True
Let r(i) = -i**2 - 11*i - 12. Let z be r(-9). Suppose 0*l + l - z = -k, -5*l = -k + 24. Suppose j + 4 = k. Is j a multiple of 3?
False
Suppose 116 = 3*c + 5*b, 0 = 2*c - b - 3*b - 92. Is 18 a factor of c?
False
Let p(s) = -s**3 + 11*s**2 - 4. Let n be p(11). Is 13 a factor of (n - -6)*(-77)/(-2)?
False
Let q(a) = 341*a**2 - 2*a + 1. Let h be q(1). Is 12 a factor of 4/(-14) - h/(-14)?
True
Suppose -1 = w - 15. Is 4/(-14) - (-1026)/w a multiple of 23?
False
Let j be 3/4*(-16)/2. Let k(y) = y**2 + 8. Is 22 a factor of k(j)?
True
Let a(t) be the third derivative of 0*t + 0 - t**2 - 1/2*t**3 + 1/4*t**4. Does 13 divide a(3)?
False
Let p be (14/10)/((-1)/(-5)). Suppose -p*f = -3*f. Suppose f = 2*g - 46 - 8. Is 9 a factor of g?
True
Suppose -4*t = -3*t - 5. Suppose 2*g + 3*u = -4 + 5, g = -2*u. Suppose k + 0*k + 5*n = 5, -g*k + 25 = t*n. Is 9 a factor of k?
False
Let g = 9 - 7. Is g a multiple of 2?
True
Let n be ((-2)/(-4))/(2/(-4)). Let m(y) = 10*y**2 + 3*y + 2. Does 3 divide m(n)?
True
Let z = 71 + -43. Does 14 divide z?
True
Suppose p + 2*p = 12. Suppose -p*g = -3*m + 77, -5*g = -6*m + 2*m + 101. Is 13 a factor of m?
False
Let g be (-2)/8 + 965/20. Suppose n - g - 9 = 0. Is n a multiple of 19?
True
Let v(h) = h**3 - h + 4. Let o be v(0). Let p = -19 - -35. Suppose -o*l = p - 72. Is l a multiple of 7?
True
Let m be 8/3 + 5/15. Suppose 8*x - 450 = m*x. Is x a multiple of 31?
False
Suppose -6*q + 189 = 3*q. Does 18 divide q?
False
Suppose -y + 142 = 3*s, -3*y + 4*y = s + 150. Is y a multiple of 9?
False
Suppose s - 5*a = 238 + 132, s + 2*a - 356 = 0. Is 36 a factor of s?
True
Suppose -16 = -2*a - 4*u, 2*a - 20 = -0*a - 5*u. Suppose -5*w + 320 = -a*w. Does 18 divide w?
False
Suppose 3*y + 10 + 11 = 0. Let x = 25 - y. Is 16 a factor of x?
True
Suppose -2 = 2*q + i - 1, -3*i + 15 = -3*q. Let k = q - -8. Does 3 divide k?
True
Let s = -3 + 3. Suppose s = 2*h + h + t - 481, 2*h - 2*t - 318 = 0. Suppose 3*m = 8*m - h. Is 16 a factor of m?
True
Let h = 11 + -17. Let f(t) = 5*t + 4. Let l be f(h). Let a = 52 + l. Is 13 a factor of a?
True
Let r be (-14)/(-4) - (-5)/10. Suppose r*k - 50 = -k. Let w = -5 + k. Is w a multiple of 2?
False
Let y = 20 - -50. Is y a multiple of 14?
True
Let m(d) be the first derivative of d**3/3 - 7*d**2